j - 5*l + 363 = -l, 135 = 2*j + 5*l. Calculate the highest common divisor of 15 and j.
15
Let j be ((-32)/20)/(4/(-10)). Let c be (j/2*7)/1. Calculate the greatest common factor of c and 98.
14
Let c be 6*(20/(-48))/((-1)/8). What is the highest common divisor of 20 and c?
20
Suppose 3*s + 4 + 2 = 0. Let b be s - -10 - (2 + -1). Suppose -5*n - 2*p + 185 = 0, p - 24 = -n + 16. What is the greatest common divisor of b and n?
7
Let i be ((-18)/5)/(-3)*910/52. Calculate the greatest common factor of 189 and i.
21
Let s(a) = -a**2 - 5*a + 4. Let l be s(-4). Calculate the greatest common factor of 24 and l.
8
Let k(m) = -m**2 - 3*m + 4. Let b be k(-3). Let a be (-24)/9*(-6)/b. What is the greatest common divisor of a and 6?
2
Let b(y) = 12*y**2 - 4*y + 3. Let u be b(3). What is the highest common factor of u and 66?
33
Let c = 27 + -21. Let n(f) be the first derivative of 2*f**3/3 + 5*f**2/2 + 2*f + 1. Let b be n(c). What is the highest common factor of b and 13?
13
Let k = -7 + 39. Let p be (-1)/((-1)/k - 0). What is the highest common divisor of p and 4?
4
Let s be (-1 + (-434)/10)*10/(-4). Calculate the highest common divisor of 74 and s.
37
Suppose 8*t - 216 = 6*t. Calculate the greatest common factor of 27 and t.
27
Let n be (-5 + 587)/3 + 1. What is the highest common factor of n and 15?
15
Suppose 3*h - 125 = -23. What is the highest common divisor of 306 and h?
34
Let x(d) = d**2 - 11*d - 17. Let v be x(13). What is the highest common factor of 63 and v?
9
Let q(d) = d + 18. Suppose 11*f - 9*f + 16 = 0. Let j be q(f). Calculate the highest common divisor of 30 and j.
10
Let f = 16 + -8. Let q = 10 - f. Calculate the greatest common factor of 2 and q.
2
Let y(c) = 2*c**2 + c - 14. Let s be y(-4). Calculate the highest common divisor of s and 2.
2
Let n be (-12)/((10/(-21))/5). Let w(j) = j**2 - 13*j - 30. Let h be w(-3). What is the greatest common divisor of h and n?
18
Suppose -s = -5*s - k - 4, 2*s + 4*k = 12. Let x be s/12 + (-219)/(-18). Calculate the highest common divisor of x and 60.
12
Suppose 0*j = -2*j - 6. Let h(x) = -x**2 + 5*x + 4. Let m be h(j). Let r = 52 - m. What is the greatest common divisor of r and 8?
8
Let j(h) = h**3 - h**2 + 2*h - 3. Let u be j(2). Suppose p = -4*v - p + 10, v - u*p = 8. Calculate the greatest common divisor of v and 3.
3
Suppose -4*m = -5*b + 27, 3 = -3*b + m - 5*m. Suppose s = -b*s + 968. Suppose s = 4*t - 206. Calculate the greatest common divisor of 14 and t.
14
Let c(l) = -l**3 + 5*l**2 + 2*l. Let z be c(5). Let d = -24 + 25. Calculate the highest common factor of d and z.
1
Suppose 9*p + 9 = 27. Calculate the highest common divisor of 18 and p.
2
Suppose -3*p + 0*f + 201 = -f, -2*f - 336 = -5*p. Calculate the greatest common factor of p and 6.
6
Suppose -4*n - 11 = -5*s + 59, 0 = n - 5. Suppose 10 = -2*k + k. Let p = k + s. What is the greatest common divisor of p and 2?
2
Suppose 6*v - 4*v = 38. Calculate the highest common divisor of v and 171.
19
Suppose -56 = -3*q + 76. Let a(y) = y - 4. Let n be a(4). Suppose i - 3*t + 4 = 0, n = 6*t - 3*t - 15. Calculate the highest common divisor of i and q.
11
Let a(r) = 13*r. Let k(y) = 53*y. Let d(c) = 18*a(c) - 4*k(c). Let v be d(1). Let s = 33 - v. What is the highest common divisor of 22 and s?
11
Let w(i) = 0*i + i + 3*i**2 + 1 - 2*i**2. Let g be w(-5). Calculate the greatest common divisor of g and 231.
21
Suppose -2*n = g, -2*g + 2 + 4 = -2*n. Let l be (-12)/42 - (-94)/(-14). Let m = -6 - l. Calculate the highest common divisor of m and g.
1
Let q(g) = -52*g**2 - 2*g - 1. Let y be q(-1). Let r be (y/12)/((-4)/144). Suppose -5*d + r = -272. Calculate the highest common divisor of 17 and d.
17
Suppose -14 = 4*y + 3*l, -4*l - 14 = -6. Let j be 3 - 36*y/2. Let w = 86 - 60. Calculate the greatest common factor of w and j.
13
Suppose 5*z = 46 + 229. Let b be 275/11 - 3/1. What is the highest common factor of z and b?
11
Let r = 107 - -38. Suppose -4*k - r = -9*k. Calculate the greatest common factor of 87 and k.
29
Let h(u) = -u**3 - u**2 + 4*u + 1. Let r be h(-3). Let m = -43 - -64. What is the highest common factor of r and m?
7
Let v = 89 + -38. Let n = -7 + 14. Suppose h - 5*d + n = -1, 5*h + 3*d = 100. Calculate the greatest common factor of h and v.
17
Suppose -6 = -w - 3*b + 2*b, 0 = -4*w - 5*b + 24. Suppose 5*z = z + 120. What is the greatest common factor of z and w?
6
Suppose -4*g = -0*g - 12. Let n = 18 - 45. Let z = n - -51. What is the highest common divisor of z and g?
3
Suppose 4*x - 24 = -0. Let l(z) = -3 + 10 + 3*z + 4*z - 2*z - z**2. Let d be l(x). What is the highest common divisor of 9 and d?
1
Suppose 0 = 3*k - k - 22. Suppose -2*a + x = 6*x - k, 2*x = 3*a - 26. Calculate the greatest common factor of 20 and a.
4
Let j(m) = m**3 - 7*m**2 - 10*m + 11. Let r be j(8). Let v = -5 - r. Let l be (1 - 2) + 21 + v. Calculate the highest common factor of 8 and l.
4
Suppose z = -3*z + 20. Suppose -z*h + 40 = 2*f - h, 0 = -4*f + 3*h + 135. Let b(t) = 3*t + 1. Let l be b(3). Calculate the greatest common divisor of f and l.
10
Suppose -2*b = -b - 374. Calculate the greatest common factor of 34 and b.
34
Let l(r) = -5*r**3 - 5 + 4*r**3 + 0*r**3 - 5*r - 6*r**2. Let t be l(-6). What is the highest common divisor of 10 and t?
5
Let o(a) = -a**2 + 352. Let i be o(0). Suppose 0 = -2*s - 48 + i. Let b be (-2)/(-6) + (-112)/(-6). What is the highest common divisor of s and b?
19
Suppose -5*z - n + 9 = -0*z, 3*z = 5*n - 17. Suppose -2*f + 9 = -z, -2*i = 3*f - 43. What is the highest common divisor of i and 154?
14
Suppose -3*i + 193 = 4*t, -t + 256 = 4*i + 3*t. What is the greatest common divisor of 9 and i?
9
Let c(l) = -l + 7. Let p be c(0). Calculate the greatest common divisor of p and 35.
7
Let x(d) = -d**3 - 4*d**2 + 1. Let j be x(-4). What is the highest common divisor of 1 and j?
1
Let f be 286/(1*2) + 1. Let t be (-9*6/(-9))/1. Suppose 2*x = 3*m - 58, x - t*x = 2*m - 7. What is the greatest common divisor of m and f?
16
Let z = -19 + 249. What is the greatest common factor of z and 92?
46
Let q(t) = t**2 + 10*t + 14. Let m be q(-10). What is the greatest common divisor of 112 and m?
14
Let u(i) = 3*i**2. Let g be u(-1). Suppose 26 = 5*t - 19. Calculate the greatest common factor of g and t.
3
Let k = -24 + 43. Let v = -55 - -173. Suppose 5*b + 23 = v. What is the highest common factor of k and b?
19
Let k = 27 + -22. What is the greatest common divisor of 50 and k?
5
Suppose 0 = 3*m + 2*m - 5*v - 20, -2*m + 4*v + 4 = 0. Let i = m - -44. What is the highest common factor of 20 and i?
10
Let d(w) = w**3 + 2*w**2 + 6*w - 3. Suppose -4*l + 7*l - 12 = 0. Let s be d(l). Calculate the highest common factor of s and 13.
13
Let j be -3 + 244/4 + -4. What is the highest common factor of 81 and j?
27
Let j = 8 + -3. Let f(a) = a**2 + 5*a - 4. Let r be f(-6). Suppose -b - c = -6*b + 279, -r*b + 4*c + 126 = 0. Calculate the greatest common divisor of b and j.
5
Let y be 14/4 - (-1)/2. Let t be (-3)/y - (-204)/16. Suppose -109 = -4*a - 13. Calculate the highest common divisor of a and t.
12
Let j(w) = w**2 + 3*w - 2. Let b be j(-4). Let v be (-24)/(-6) + (-1 - b). Calculate the highest common divisor of v and 2.
1
Let l(y) = 3*y**2 + 11*y - 7. Let f be l(-5). What is the greatest common factor of f and 104?
13
Let d = 40 - 125. Let b = -35 - d. Let c = 106 - b. Calculate the highest common factor of c and 7.
7
Suppose 0 = 3*w + 2*a - 102, -w + 0*a = 2*a - 34. Calculate the highest common factor of w and 85.
17
Let i(r) = r**3 + r**2 - 2*r + 1. Let a be i(1). Let d be (-6)/a*4/(-2). Let j be (-8)/3*(-6)/4. What is the highest common divisor of d and j?
4
Suppose 0 = -2*l + 2*j + 200, -2*l + 295 = -j + 96. Suppose 3*v = -v - 216. Let b = v + l. Calculate the highest common factor of 5 and b.
5
Suppose 0 = -d - 5*m + 12, 4*d - 5*m - 2 = 71. Suppose 4*o - 2*o = 238. Calculate the highest common factor of o and d.
17
Suppose 49 + 171 = 5*f. Calculate the highest common divisor of 4 and f.
4
Let h(g) = g**2 + 7*g - 6. Let i be h(-8). Calculate the greatest common factor of 5 and i.
1
Suppose -f + 5*m + 14 = 0, f - 3*m - 4 = 14. What is the highest common factor of 192 and f?
24
Let d(c) = -2*c - 6. Let k(o) = -2*o**2 - 12*o + 6. Let h be k(-7). Let i be d(h)